 remainder when 523 is divided by 137.
112
Calculate the remainder when 165 is divided by 24.
21
Calculate the remainder when 1200 is divided by 9.
3
Calculate the remainder when 298 is divided by 272.
26
What is the remainder when 89 is divided by 47?
42
What is the remainder when 61 is divided by 21?
19
What is the remainder when 3012 is divided by 429?
9
Calculate the remainder when 443 is divided by 56.
51
Calculate the remainder when 62 is divided by 16.
14
What is the remainder when 83 is divided by 12?
11
What is the remainder when 11690 is divided by 37?
35
What is the remainder when 14 is divided by 3?
2
What is the remainder when 14947 is divided by 115?
112
What is the remainder when 1538 is divided by 11?
9
Calculate the remainder when 199 is divided by 60.
19
Calculate the remainder when 496 is divided by 23.
13
What is the remainder when 112 is divided by 5?
2
What is the remainder when 131 is divided by 66?
65
What is the remainder when 333 is divided by 84?
81
What is the remainder when 754 is divided by 42?
40
What is the remainder when 8465 is divided by 121?
116
Calculate the remainder when 43 is divided by 10.
3
Calculate the remainder when 12346 is divided by 12.
10
What is the remainder when 523 is divided by 75?
73
What is the remainder when 919 is divided by 5?
4
Calculate the remainder when 97 is divided by 34.
29
Calculate the remainder when 359 is divided by 15.
14
Calculate the remainder when 1213 is divided by 47.
38
What is the remainder when 173 is divided by 29?
28
What is the remainder when 623 is divided by 147?
35
What is the remainder when 235 is divided by 34?
31
Calculate the remainder when 202 is divided by 17.
15
Calculate the remainder when 3178 is divided by 53.
51
Calculate the remainder when 3415 is divided by 61.
60
What is the remainder when 551 is divided by 144?
119
What is the remainder when 46528 is divided by 94?
92
Calculate the remainder when 23 is divided by 6.
5
What is the remainder when 375 is divided by 77?
67
Calculate the remainder when 102 is divided by 85.
17
What is the remainder when 116 is divided by 13?
12
What is the remainder when 662 is divided by 31?
11
Calculate the remainder when 1064 is divided by 52.
24
What is the remainder when 294 is divided by 100?
94
Calculate the remainder when 390 is divided by 71.
35
What is the remainder when 112 is divided by 19?
17
What is the remainder when 184 is divided by 95?
89
What is the remainder when 298 is divided by 41?
11
Calculate the remainder when 56 is divided by 17.
5
Calculate the remainder when 237 is divided by 80.
77
What is the remainder when 1662 is divided by 185?
182
What is the remainder when 2476 is divided by 274?
10
Calculate the remainder when 394 is divided by 41.
25
What is the remainder when 148 is divided by 19?
15
What is the remainder when 1525 is divided by 85?
80
What is the remainder when 1193 is divided by 23?
20
Calculate the remainder when 1500 is divided by 31.
12
What is the remainder when 590 is divided by 54?
50
Calculate the remainder when 880 is divided by 860.
20
Calculate the remainder when 307 is divided by 99.
10
What is the remainder when 228 is divided by 224?
4
What is the remainder when 2089 is divided by 10?
9
Calculate the remainder when 2350 is divided by 40.
30
Calculate the remainder when 205 is divided by 105.
100
What is the remainder when 298 is divided by 41?
11
Calculate the remainder when 180 is divided by 168.
12
What is the remainder when 2807 is divided by 24?
23
What is the remainder when 2202 is divided by 15?
12
What is the remainder when 163 is divided by 32?
3
Calculate the remainder when 4159 is divided by 69.
19
Calculate the remainder when 391 is divided by 40.
31
What is the remainder when 160 is divided by 53?
1
Calculate the remainder when 2277 is divided by 67.
66
What is the remainder when 2875 is divided by 144?
139
Calculate the remainder when 781 is divided by 9.
7
Calculate the remainder when 3309 is divided by 472.
5
Calculate the remainder when 520 is divided by 23.
14
What is the remainder when 418 is divided by 111?
85
Calculate the remainder when 110 is divided by 31.
17
What is the remainder when 26 is divided by 10?
6
What is the remainder when 429 is divided by 133?
30
What is the remainder when 400 is divided by 65?
10
What is the remainder when 1967 is divided by 10?
7
What is the remainder when 2905 is divided by 51?
49
What is the remainder when 3633 is divided by 46?
45
Calculate the remainder when 5181 is divided by 216.
213
Calculate the remainder when 2708 is divided by 21.
20
Calculate the remainder when 537 is divided by 77.
75
Calculate the remainder when 362 is divided by 6.
2
Calculate the remainder when 1172 is divided by 8.
4
Calculate the remainder when 83 is divided by 26.
5
Calculate the remainder when 40 is divided by 27.
13
What is the remainder when 2659 is divided by 20?
19
Calculate the remainder when 178 is divided by 94.
84
Calculate the remainder when 165 is divided by 56.
53
What is the remainder when 110 is divided by 23?
18
Calculate the remainder when 37 is divided by 19.
18
What is the remainder when 2401 is divided by 65?
61
Calculate the remainder when 423 is divided by 76.
43
Calculate the remainder when 62 is divided by 11.
7
Calculate the remainder when 1487 is divided by 20.
7
Calculate the remainder when 67 is divided by 10.
7
What is the remainder when 2858 is divided by 11?
9
What is the remainder when 813 is divided by 167?
145
What is the remainder when 182 is divided by 95?
87
What is the remainder when 247 is divided by 191?
56
What is the remainder when 1957 is divided by 20?
17
Calculate the remainder when 3359 is divided by 56.
55
Calculate the remainder when 411 is divided by 185.
41
Calculate the remainder when 1460 is divided by 123.
107
What is the remainder when 625 is divided by 33?
31
What is the remainder when 389 is divided by 4?
1
What is the remainder when 22 is divided by 5?
2
What is the remainder when 224 is divided by 51?
20
Calculate the remainder when 108 is divided by 63.
45
Calculate the remainder when 1276 is divided by 242.
66
Calculate the remainder when 17599 is divided by 275.
274
What is the remainder when 527 is divided by 12?
11
Calculate the remainder when 760 is divided by 7.
4
Calculate the remainder when 38 is divided by 32.
6
Calculate the remainder when 573 is divided by 20.
13
What is the remainder when 93 is divided by 68?
25
What is the remainder when 1480 is divided by 13?
11
Calculate the remainder when 147 is divided by 6.
3
Calculate the remainder when 23890 is divided by 132.
130
What is the remainder when 78 is divided by 15?
3
Calculate the remainder when 333 is divided by 12.
9
What is the remainder when 14629 is divided by 77?
76
What is the remainder when 5111 is divided by 33?
29
Calculate the remainder when 758 is divided by 227.
77
Calculate the remainder when 385 is divided by 124.
13
Calculate the remainder when 1616 is divided by 47.
18
What is the remainder when 2441 is divided by 81?
11
What is the remainder when 211 is divided by 6?
1
Calculate the remainder when 102 is divided by 35.
32
Calculate the remainder when 657 is divided by 44.
41
Calculate the remainder when 474 is divided by 20.
14
Calculate the remainder when 629 is divided by 8.
5
Calculate the remainder when 115 is divided by 57.
1
Calculate the remainder when 1321 is divided by 331.
328
Calculate the remainder when 46 is divided by 10.
6
Calculate the remainder when 77 is divided by 11.
0
What is the remainder when 1049 is divided by 25?
24
Calculate the remainder when 2361 is divided by 197.
194
What is the remainder when 1682 is divided by 33?
32
What is the remainder when 299 is divided by 76?
71
Calculate the remainder when 14575 is divided by 37.
34
Calculate the remainder when 200 is divided by 134.
66
What is the remainder when 47 is divided by 33?
14
Calculate the remainder when 27 is divided by 22.
5
What is the remainder when 2119 is divided by 18?
13
What is the remainder when 3080 is divided by 87?
35
Calculate the remainder when 12 is divided by 10.
2
What is the remainder when 268 is divided by 26?
8
Calculate the remainder when 459 is divided by 42.
39
Calculate th